en 152372 is divided by 38092?
4
What is the remainder when 302046 is divided by 86?
14
What is the remainder when 4246 is divided by 2108?
30
What is the remainder when 568295 is divided by 699?
8
What is the remainder when 605 is divided by 188?
41
Calculate the remainder when 363648 is divided by 5.
3
What is the remainder when 883 is divided by 151?
128
Calculate the remainder when 12615 is divided by 1143.
42
What is the remainder when 13565 is divided by 26?
19
What is the remainder when 695 is divided by 5?
0
Calculate the remainder when 157175 is divided by 11.
7
What is the remainder when 21129 is divided by 4221?
24
What is the remainder when 1475 is divided by 51?
47
What is the remainder when 43367 is divided by 65?
12
Calculate the remainder when 28701 is divided by 736.
733
Calculate the remainder when 31970 is divided by 1281.
1226
Calculate the remainder when 240023 is divided by 50.
23
What is the remainder when 183255 is divided by 733?
5
What is the remainder when 25621 is divided by 5124?
1
Calculate the remainder when 588591 is divided by 32.
15
Calculate the remainder when 72428 is divided by 419.
360
Calculate the remainder when 4998 is divided by 39.
6
Calculate the remainder when 76502 is divided by 535.
532
What is the remainder when 14593 is divided by 19?
1
Calculate the remainder when 20749 is divided by 648.
13
Calculate the remainder when 10738 is divided by 1308.
274
Calculate the remainder when 46932 is divided by 242.
226
What is the remainder when 282 is divided by 60?
42
What is the remainder when 421 is divided by 417?
4
What is the remainder when 29068 is divided by 117?
52
What is the remainder when 59981 is divided by 19?
17
What is the remainder when 690 is divided by 7?
4
What is the remainder when 57734 is divided by 4810?
14
Calculate the remainder when 119289 is divided by 28.
9
Calculate the remainder when 33624 is divided by 11.
8
Calculate the remainder when 3313978 is divided by 57.
55
What is the remainder when 11181 is divided by 67?
59
Calculate the remainder when 570358 is divided by 291.
289
What is the remainder when 4301 is divided by 2133?
35
Calculate the remainder when 1040 is divided by 63.
32
Calculate the remainder when 12550 is divided by 1128.
142
What is the remainder when 1002 is divided by 121?
34
Calculate the remainder when 29881 is divided by 67.
66
Calculate the remainder when 85061 is divided by 8506.
1
What is the remainder when 10941 is divided by 3643?
12
What is the remainder when 95912 is divided by 1777?
1731
Calculate the remainder when 5659 is divided by 496.
203
What is the remainder when 461247 is divided by 731?
717
What is the remainder when 20552 is divided by 20535?
17
Calculate the remainder when 2320 is divided by 1096.
128
Calculate the remainder when 30318 is divided by 21.
15
Calculate the remainder when 893 is divided by 525.
368
Calculate the remainder when 12347791 is divided by 29.
26
What is the remainder when 62317 is divided by 24?
13
Calculate the remainder when 8023 is divided by 402.
385
Calculate the remainder when 129160 is divided by 103.
101
Calculate the remainder when 92605 is divided by 227.
216
Calculate the remainder when 12890 is divided by 2565.
65
What is the remainder when 274614 is divided by 117?
15
Calculate the remainder when 210986 is divided by 105479.
28
Calculate the remainder when 12658 is divided by 1406.
4
What is the remainder when 200443 is divided by 106?
103
Calculate the remainder when 12768 is divided by 27.
24
Calculate the remainder when 25129 is divided by 91.
13
What is the remainder when 130617 is divided by 95?
87
What is the remainder when 37050 is divided by 7410?
0
Calculate the remainder when 24816 is divided by 22.
0
Calculate the remainder when 29087 is divided by 477.
467
Calculate the remainder when 125800 is divided by 41928.
16
What is the remainder when 394306 is divided by 11597?
8
Calculate the remainder when 158935 is divided by 13.
10
What is the remainder when 8117 is divided by 8095?
22
Calculate the remainder when 66820 is divided by 42.
40
What is the remainder when 12903 is divided by 615?
603
Calculate the remainder when 2239090 is divided by 444.
442
What is the remainder when 27783 is divided by 926?
3
Calculate the remainder when 34306 is divided by 1072.
2
What is the remainder when 5454 is divided by 1818?
0
Calculate the remainder when 77097 is divided by 1223.
48
What is the remainder when 11698 is divided by 225?
223
What is the remainder when 1895 is divided by 61?
4
Calculate the remainder when 3595 is divided by 48.
43
What is the remainder when 685924 is divided by 358?
354
Calculate the remainder when 308404 is divided by 11.
8
Calculate the remainder when 14944 is divided by 263.
216
What is the remainder when 8030 is divided by 2589?
263
Calculate the remainder when 337849 is divided by 7.
1
What is the remainder when 524 is divided by 99?
29
What is the remainder when 10272 is divided by 106?
96
What is the remainder when 73740 is divided by 22?
18
Calculate the remainder when 9741 is divided by 87.
84
What is the remainder when 253678 is divided by 84558?
4
What is the remainder when 4909 is divided by 4361?
548
Calculate the remainder when 13529 is divided by 43.
27
Calculate the remainder when 4647 is divided by 103.
12
Calculate the remainder when 9647 is divided by 803.
11
Calculate the remainder when 150949 is divided by 50287.
88
Calculate the remainder when 72412 is divided by 239.
234
What is the remainder when 102537 is divided by 47?
30
Calculate the remainder when 588 is divided by 47.
24
Calculate the remainder when 92695 is divided by 30.
25
Calculate the remainder when 7203 is divided by 326.
31
Calculate the remainder when 114980 is divided by 17.
9
What is the remainder when 1061 is divided by 146?
39
What is the remainder when 48633 is divided by 31?
25
What is the remainder when 6104 is divided by 822?
350
Calculate the remainder when 8913 is divided by 2256.
2145
What is the remainder when 328 is divided by 38?
24
What is the remainder when 434608 is divided by 198?
196
What is the remainder when 465 is divided by 91?
10
Calculate the remainder when 8941 is divided by 619.
275
Calculate the remainder when 85047 is divided by 101.
5
What is the remainder when 11303 is divided by 39?
32
Calculate the remainder when 486 is divided by 159.
9
Calculate the remainder when 10780 is divided by 563.
83
What is the remainder when 13203 is divided by 14?
1
Calculate the remainder when 364734 is divided by 1092.
6
What is the remainder when 4722 is divided by 667?
53
What is the remainder when 1034 is divided by 466?
102
What is the remainder when 2908 is divided by 463?
130
Calculate the remainder when 102607 is divided by 9326.
21
What is the remainder when 163468 is divided by 16?
12
What is the remainder when 3767 is divided by 74?
67
What is the remainder when 7806 is divided by 244?
242
Calculate the remainder when 179822 is divided by 57.
44
What is the remainder when 510237 is divided by 112?
77
What is the remainder when 4798 is divided by 368?
14
Calculate the remainder when 198461 is divided by 224.
221
Calculate the remainder when 391184 is divided by 2.
0
Calculate the remainder when 19502 is divided by 611.
561
Calculate the remainder when 1968 is divided by 970.
28
Calculate the remainder when 52913 is divided by 360.
353
What is the remainder when 355198 is divided by 100?
98
Calculate the remainder when 34474 is divided by 34.
32
Calculate the remainder when 70796 is divided by 150.
146
What is the remainder when 8469 is divided by 8459?
10
What is the remainder when 39399 is divided by 689?
126
What is the remainder when 36749 is divided by 25?
24
What is the remainder when 12709 is divided by 705?
19
Calculate the remainder when 5188 is divided by 151.
54
Calculate the remainder when 71506 is divided by 17876.
2
Calculate the remainder when 477 is divided by 171.
135
Calculate the remainder when 71841 is divided by 6530.
11
What is the remainder when 49997 is divided by 143?
90
What is the remainder when 12158 is divided by 305?
263
What is the remainder when 267840 is divided by 132?
12
Calculate the remainder when 13319 is divided by 13042